ose -3*b + a + 0*a = -3681, 5*a = -5*b + 6115. Suppose 5*h + 1226 = 2*u, -4*h = -0*u - 2*u + b. What is the units digit of u?
3
What is the thousands digit of ((-4)/56*7)/((-1)/11696)?
5
Let o be 3/(21/(-5))*-49. Suppose -2*r - r = 0. Suppose 7*m - 742 + o = r. What is the units digit of m?
1
Let u be (-6)/9 + (-10)/(-6). Let t = 868 - 1312. What is the units digit of (t/(-16) - u) + 3/12?
7
Let m(j) = 6*j**2 - 432*j - 187. What is the units digit of m(89)?
1
Let k(s) = s**2 + 23*s - 41. Let t be k(-25). What is the units digit of t*5*176/24?
0
Let f = 467 - 465. What is the units digit of f*2/6 - (-447844)/309?
0
Let t(k) = -40*k**3 - 12*k**2 - 55*k - 235. What is the units digit of t(-8)?
7
Let s be 59/((-3495)/500 - -7). Suppose -s - 230 = -10*w. What is the hundreds digit of w?
6
Suppose -5*i = 5*d - 25160, 0 = -i - d + 3*d + 5026. What is the thousands digit of i?
5
Suppose 5*n + 4*v - 38 = 173, -5*v = -3*n + 134. Suppose b - 29 = n. What is the tens digit of b?
7
Suppose -2*s + 14 = 18. Let k be s*(-155)/10 + -4. Suppose 131 = 8*n + k. What is the tens digit of n?
1
Let u = -188 - -190. What is the units digit of 12/u - (-272 - -5)?
3
Suppose 2*n - j = 107931, -265*n - 215859 = -269*n + j. What is the thousands digit of n?
3
Let u be 2541/(-42) + (-2)/(-4). Let s = 36 - u. What is the tens digit of s?
9
Let y(f) = -3*f. Let r be y(-1). Suppose 4*a + 1459 = r*j, 2*j - 7*a - 966 = -3*a. What is the hundreds digit of j?
4
Suppose r = 3 - 5. Let t be 2307/(-18) + r/(-24)*2. Let v = t - -208. What is the tens digit of v?
8
Let o(n) = 993*n - 3751. What is the tens digit of o(17)?
3
Let r(h) = -h**3 + 3*h**2 - 2*h + 10. Let q be r(3). Suppose 4*b + 3*l + q = 0, -5 = -3*b - 4*l - 1. Let u(f) = -9*f + 11. What is the tens digit of u(b)?
4
Let v(d) = -d**2 + d + 13. Let i be v(5). Let l(k) = 6*k**2 + k - 29. What is the hundreds digit of l(i)?
2
Let d = -58 - -52. Let t(k) = 7*k + 47. Let r be t(d). What is the hundreds digit of (r/15)/((-2)/(-642))?
1
What is the tens digit of (-15)/(-1) + (1273 - -4)?
9
Let o(a) = -2*a**2 + 7*a + 9. Let p be o(6). Let r(l) = 2*l + 47. Let g be r(p). What is the units digit of (-2 - -19) + (g + -4)*-1?
6
Let h = -3 - -4. Let m(o) = 204*o - 11. What is the hundreds digit of m(h)?
1
Let b be (-37100)/(-125) + (-4)/5. Let k = 77 + b. What is the hundreds digit of k?
3
Let l(c) = -10*c**3 + 34*c**2 + 519*c - 129. What is the tens digit of l(-19)?
7
Suppose -841709 - 1411818 = -66*i - 510599. What is the thousands digit of i?
6
Let y(c) = 5449*c + 1570. What is the hundreds digit of y(4)?
3
Let c = -19 - -23. Suppose -r = -4*x - 4 - 12, 0 = c*x + 12. Suppose -r*k + g + 466 = 0, 2*g - 342 = -3*k - g. What is the units digit of k?
6
Let h(m) = -5*m**2 + 576*m + 96. What is the tens digit of h(109)?
7
Suppose 4*k - 190001 = -w, 2*k = -8*w + 2*w + 95006. What is the thousands digit of k?
7
Let w(m) = 7840*m**3 - 4*m**2 + 10*m - 2. What is the hundreds digit of w(1)?
8
Let n = -136 + 140. Suppose -o + 1042 = -r, 44*r = -n*o + 47*r + 4168. What is the thousands digit of o?
1
Let d(g) = -g**2 - g + 1. Let l(y) = 5*y**2 + 7*y - 16. Let w(z) = -22*d(z) - 2*l(z). Let b(a) = a. Let j(c) = -10*b(c) + w(c). What is the tens digit of j(3)?
1
Let h(m) = 18*m**2 + 14*m. Let k be h(-1). Suppose 0*l - 1799 = -2*c - 5*l, l + 3653 = k*c. What is the tens digit of c?
1
Let v(q) = 2*q**2 + 5*q + 1. Suppose -5*b + 7*b = -32. Let y be (18/4 - 4)/((-2)/b). What is the units digit of v(y)?
3
Let t(k) = -20*k - 35. Suppose -w - 5*y + 56 = -4*w, -2*w - 2*y - 48 = 0. Let a be t(w). Let c = 619 - a. What is the units digit of c?
4
Let y(i) = 31*i**2 - i. Let a(g) = -g**3 - 7*g**2 + 2*g + 8. Let c be a(-5). Let k = -53 - c. What is the tens digit of y(k)?
3
Let y(j) = -8 + 23*j + 29 - 3*j + 2*j**2. Let d be y(-9). Let f(g) = 4*g**3 - 2*g - 2. What is the hundreds digit of f(d)?
1
Suppose 10*w + 3 = 13*w. Suppose -4*b + 25 = w. Suppose 4*a + b*z - 18 = 4*z, 3*a - 21 = -3*z. What is the units digit of a?
2
What is the hundreds digit of 1213209/1141 - 2/7?
0
Let x(w) = w**3 - 12*w**2 - 10*w + 11. Let f be x(13). Let y = 62 - f. What is the tens digit of (-1)/(y/105*(-3)/12)?
3
Let o(k) = -19*k + 1211. What is the tens digit of o(55)?
6
Suppose 5*f - 2233 + 48 = 0. Let l = f + -207. What is the units digit of l?
0
Let i(j) = j**3 - 17*j**2 - 16*j - 8. Let p be i(18). Suppose -40*c = -p*c - 1284. What is the tens digit of c?
0
Let a = -13 - -11. Suppose 0 = 5*o + 2305 - 365. What is the units digit of a*(o/8 - -4)?
9
Suppose -29*o - 240 = -33*o. Let w = o + -65. What is the tens digit of (w - -78) + (-3 - -4)?
7
Let s(y) = -5*y + 40 + 25*y + 9*y. What is the hundreds digit of s(7)?
2
Suppose -11*y + 16*y - 20423 = -d, 7*y - 20423 = -d. What is the thousands digit of d?
0
Let y(w) = 24*w**2 + 69*w + 3023. What is the thousands digit of y(-33)?
6
Suppose 143*t + 93492 = 1301127. What is the thousands digit of t?
8
Let h(j) = j**2 + 11*j + 18. Let g be h(-9). Suppose v = -b + 469, g = -3*v - 2*v - 4*b + 2350. What is the hundreds digit of v?
4
Suppose -4*a - 3 = 5*n - 1, -a = 2*n + 2. Suppose a*m = -80 - 652. Let j = 588 + m. What is the hundreds digit of j?
2
Suppose 5*v = -15 - 15. Let c = v - -11. Suppose -y - p = 4*y - 449, -5*p = c*y - 465. What is the tens digit of y?
8
Suppose 11 = 4*o - 3*m + 12, 4 = -o + 2*m. What is the units digit of (8 + -1330)*(6/4 - o)?
1
Let q = -4258 - -23630. What is the ten thousands digit of q?
1
Let v(u) = 3*u**2 + 13*u + 10. Let f(y) be the third derivative of y**4/8 + 11*y**3/2 - 11*y**2. Let r be f(-13). What is the tens digit of v(r)?
4
Let p = -533 + 540. Suppose 4*i - 12 = 0, 4*i = -o + p*i + 707. What is the tens digit of o?
1
Let u(z) = -16*z**3 - 3*z**2 - 4*z - 2. Let s(r) = -31*r**3 - 6*r**2 - 8*r - 4. Let h(t) = -2*s(t) + 5*u(t). What is the units digit of h(-1)?
7
Let l = -12597 + 19491. What is the thousands digit of l?
6
Let p(h) be the first derivative of h**4/4 - 6*h**3 + 6*h**2 - 8*h - 143. What is the units digit of p(19)?
1
Suppose 3*f - 74809 = -5*w, -5*f + 4*w + 96172 + 28448 = 0. What is the tens digit of f?
2
Let i(s) = -40*s + 48. Let q be i(-18). Suppose 0*j = -j + 4*u + q, 2271 = 3*j - u. What is the units digit of j?
6
What is the tens digit of (-31212)/(-18)*(18 - 4)?
7
Let q(p) = p**3 - 37*p**2 + 18*p - 47. What is the tens digit of q(37)?
1
Let y = -3 - -7. Suppose 3*k + y*u - 30 = 0, 2*k = -3*u + 12 + 7. Let b(x) = -x**3 + 15*x**2 - 8*x - 18. What is the units digit of b(k)?
6
Suppose 6*b + 7 - 25 = 0. Suppose 23 - 14 = -b*x. What is the units digit of x + (36 - 3 - 5/(-5))?
1
Let w(f) = f - 2. Let k(i) = -23*i + 12. Let n(z) = -k(z) + 5*w(z). What is the tens digit of n(7)?
7
Let z(v) = v**2 + v - 4. Let u be z(2). Suppose -2*f - u = -26. Suppose 10*p - f*p + 326 = 0. What is the hundreds digit of p?
1
Let p be -1042*2/12*3. Let y = -267 - p. What is the tens digit of y?
5
Let a(y) = 68*y - 60. Let n(x) = 2*x + 1. Let m(i) = a(i) - 2*n(i). What is the tens digit of m(3)?
3
Let w(q) = 3*q**3 + 5*q**2 - q - 7. Suppose 8*x + 9 = 49. What is the hundreds digit of w(x)?
4
Suppose 3*i = 4*f - 50151, i = 5*f - 20305 - 42392. What is the thousands digit of f?
2
Let j(n) = -2*n**3 - 3*n**2 - 10*n + 7. Let c(u) = u**3 + 7*u**2 - 8*u - 5. Let m be c(-8). What is the tens digit of j(m)?
3
Suppose 0 = -2*b + 3*t - 1253, 1897 = 3*b - 6*b + t. Let a = b - -907. What is the hundreds digit of a?
2
Let h = -3971 - -16439. What is the tens digit of h?
6
Let a be 0 + 12/(5 + -2) + -4. Suppose -9*s + 498 + 4965 = a. What is the units digit of s?
7
Suppose 8778477 = 539*m + 345822. What is the units digit of m?
5
Suppose 3*q = 2*l + 4*q + 2, 3*l + 6 = -3*q. Suppose -35 = -2*j + g + 284, l = 4*j - 5*g - 653. What is the units digit of j?
7
Let t be ((-2776)/(-24))/(8/456). Suppose 9*s - t - 382 = 0. What is the tens digit of s?
7
Suppose m - 5*m + 3*l = -23, -3*m + 17 = -2*l. Suppose -39 = -3*q + q + m*w, -2*q + 36 = -4*w. Suppose 0 = -0*k - 4*k + q. What is the units digit of k?
3
Let s(q) = q**2 + 7*q + 25. Let c be s(-14). Suppose 0 = -6*l - c - 3. What is the units digit of 30 - (-7)/(l/(-6))?
2
Suppose 4*c + 25 = g - 1424, -3*g + 717 = -2*c. Let x be c/(-44)*8/(-3). Let p = x + 37. What is the tens d